 greatest common divisor of o and i?
18
Suppose -5*c - 6 = -3*w, 8*w = 3*w + 4*c + 10. Suppose -2*u = 5*b - 7 - w, -66 = -5*u + 2*b. What is the greatest common divisor of u and 132?
12
Let v = 2142 - 1092. Calculate the greatest common divisor of v and 75.
75
Let u(z) = 12*z**2 - 81*z - 3. Let f be u(7). Calculate the highest common divisor of f and 186.
6
Suppose -18*h = -4*h - 1064. What is the greatest common divisor of h and 38?
38
Suppose 4*t - 20 = -4*s + 6*s, 2*t - 10 = 3*s. Suppose 7*j - 4*j = 0. Suppose j = o - 3*o + 10. Calculate the greatest common factor of o and t.
5
Let i(q) = -4*q - 33. Let f be i(-10). Let n(w) = w**2 - 2*w. Let m be n(1). Let u = m + f. What is the greatest common factor of u and 3?
3
Suppose 4*v - 7*g + 4*g = 42, -4*g = 8. Let s = 263 - 110. What is the highest common factor of s and v?
9
Let t = 975 + -899. What is the greatest common divisor of 32 and t?
4
Let z(n) = n + 8. Let m be z(0). Suppose u - 3*u = 0. Suppose -i + 80 = -u*i. Calculate the greatest common factor of i and m.
8
Suppose b = 4*p - b - 18, -3*p = -5*b - 24. Suppose 7*h - 4*y = 2*h + 1113, p*h + 5*y - 690 = 0. What is the highest common divisor of h and 25?
25
Suppose n = -3*n + 4, -v + 2*n + 1 = 0. Suppose l - 27 = v*u, 45 = -l + 3*l - 3*u. Suppose 3*x - 7*x + 144 = 0. Calculate the highest common factor of l and x.
18
Let n(d) = 11*d**3 - 14*d + 4 + 32*d - 7*d - 14*d. Let s be n(1). What is the highest common divisor of 96 and s?
12
Let b be (5 - (-5)/5) + (-3 - -9). Calculate the highest common factor of b and 111.
3
Let l = 22 + -13. Let s(i) = -9*i - 12. Let k be s(-6). Suppose 2*z = -3*j + 162, z - k = 4*j + 39. What is the greatest common divisor of l and z?
9
Let j be 15 + -2 + 0 - -1. Suppose -5*y - 2*z = -122, -3*y + 4*z = z - 69. Let b be 0 + y + -1 + -2. What is the highest common divisor of j and b?
7
Let c be (-176)/(-33)*3915/10. What is the highest common factor of c and 87?
87
Suppose 2*x + 53 = 413. Let z = 370 - 352. Calculate the greatest common divisor of z and x.
18
Let u be ((-10)/8)/((-16)/(-64)) + 81. Calculate the highest common factor of u and 342.
38
Let o be 148/24 + 2/(-12). Let h(g) = 6*g + 6. Let x = -13 + 21. Let w be h(x). Calculate the greatest common divisor of w and o.
6
Let p(q) = 22*q - 7. Let z be p(1). Suppose 3*u + 58 = 2*r + u, -5*u = -2*r + 70. What is the highest common factor of r and z?
5
Let q = -13 + 3. Let f be (-2)/4 - (-215)/q. Let n = f + 26. Calculate the highest common factor of n and 20.
4
Let b be 74 - (-4 - (-7 + -2)). What is the greatest common divisor of 115 and b?
23
Let h be (56/(-3))/((-6)/9). Let t = 83 - h. What is the greatest common divisor of 5 and t?
5
Suppose 4*g - 2*r = 10338, -3*g + 4*r = -473 - 7288. What is the highest common factor of 126 and g?
63
Let n be (-27)/(3/(-1) - (-99)/44). Let u be n/24*(53 + -1). What is the highest common factor of 52 and u?
26
Let p be 2 + (5 - (-12)/3). Let j = 23 - p. Calculate the highest common factor of j and 132.
12
Suppose 0 = 4*y - 16, 9*k - 11*k + 3*y = -6. Calculate the greatest common factor of 45 and k.
9
Suppose 0 = 3*x - x - 6. Suppose -2*h - a = -252, -611 = -4*h - x*a - 111. Suppose 4*c - 9 = 119. Calculate the highest common divisor of c and h.
32
Let n(s) be the first derivative of -s**4/4 + 3*s**3 - 9*s**2/2 + 19*s - 21. Let c be n(8). Calculate the highest common divisor of c and 88.
11
Let l(c) = -5*c + c**2 + 2*c**2 - 2*c**2 + c - 1. Let u be l(5). Suppose 0 = 5*z - 15, -4*n + z + 25 = -4. Calculate the highest common factor of u and n.
4
Suppose 0 = d - 5*d - 4*t + 240, -238 = -4*d - 2*t. Calculate the highest common divisor of d and 236.
59
Suppose 248*s = 226*s + 748. Let o = -52 + 137. Calculate the greatest common factor of s and o.
17
Let v(c) = 14*c**2 - 2*c + 5. Let p(d) = -14*d**2 + 3*d - 5. Let f(b) = 6*p(b) + 7*v(b). Let t be f(-1). What is the greatest common factor of 10 and t?
5
Suppose 0 = 3*f + f - k - 355, 4*k = -5*f + 470. Let m = 6 + -1. Suppose -n + 15 = m. What is the greatest common divisor of f and n?
10
Let k = 155 + -32. Suppose k*v + 72 = 125*v. Calculate the greatest common divisor of v and 4.
4
Let f be ((-20)/(-6))/((-58)/(-87)). Let t = 14 + f. What is the greatest common factor of 19 and t?
19
Suppose 2*c = -2*z + 166, 9*z = 4*z - 2*c + 406. What is the highest common factor of 130 and z?
10
Suppose s - 17 - 2 = -4*h, -5*h - s = -23. Suppose -3 = -h*i + 17. Suppose i*c = -46 + 221. Calculate the greatest common divisor of c and 14.
7
Suppose -b - 15 = -3*w, -2*b - 14 - 4 = -4*w. Suppose w*r = 132 + 108. Calculate the greatest common divisor of 100 and r.
20
Let h = -170 - -306. Calculate the greatest common factor of 16 and h.
8
Suppose 2 = 2*y, -148 - 42 = -2*n + 2*y. Let g = 146 - n. What is the highest common factor of g and 25?
25
Let s(x) = -x**3 + 15*x**2 + 36*x - 41. Let y be s(17). Let a be 3 - -1 - (y + 4). What is the highest common factor of a and 21?
7
Suppose 0 = -2*a - 3*a + 45. Suppose -14*k + 85 = -a*k. Let x(q) = -q**3 - 8*q**2 + 5*q + 3. Let v be x(-10). What is the greatest common divisor of k and v?
17
Suppose -5*y + 74 + 71 = 0. Let m = -127 + 120. Let u = m + y. What is the highest common divisor of 132 and u?
22
Suppose -r + 278 + 125 = 0. What is the highest common factor of 62 and r?
31
Let v be (-10 - -13)/((-3)/(-5)). Suppose 0 = v*t - t. Suppose -s - 2*s + 21 = t. What is the highest common factor of s and 56?
7
Suppose -y = 4*s + y - 14, -4*s + 3*y = -39. Suppose -3*k - 2*j + 23 = 0, -10 - 12 = -2*k + 2*j. Let o = -6 + k. What is the greatest common factor of o and s?
3
Let g(s) = 5*s - 10. Let v = -10 + 12. Suppose 2*b = -v*k - b + 35, -4*k - 5*b = -65. Let i be g(k). Calculate the highest common divisor of i and 8.
8
Let l(g) = -g**3 + 5*g**2 - 3*g - 1. Let t be l(4). What is the greatest common factor of t and 27?
3
Let c(b) = -b**3 - 6*b**2 - 3*b + 5. Let g be c(-5). Suppose 32 - 2 = 3*r. Let x be (-3)/g - (-1114)/r. What is the greatest common divisor of x and 28?
28
Suppose -f - 180 = -6*f. Let q = 528 + -520. What is the greatest common factor of f and q?
4
Let p be 2/8 - 270/(-40). Suppose p*u - 6*u - 163 = 0. Suppose 2*n - 5*j = -10*j + u, -4*n = 4*j - 296. What is the greatest common factor of n and 46?
23
Let q(v) = v**3 + v + 242. Let u be q(0). Let z = -396 - -418. What is the highest common factor of u and z?
22
Suppose -5*p = 1 + 9, 4*p + 33 = y. Let g = -19 + y. Calculate the greatest common factor of 54 and g.
6
Suppose 47*w + 303 = 1055. What is the greatest common divisor of 368 and w?
16
Suppose 7*g - 3*g = 216. Calculate the highest common factor of g and 18.
18
Let d(z) = 2*z**2 + 9*z - 21. Let w be d(3). Let o be (3 - 3) + -1 - w/(-2). What is the greatest common divisor of o and 11?
11
Suppose -5*s - 8 = -28. Let r = 7 - s. Suppose 5*h + v = 33, -12 + 3 = -r*v. Calculate the greatest common factor of 9 and h.
3
Suppose -3*m = -1 + 10, -4*a = 5*m - 1. Let s = -137 + 177. Calculate the highest common factor of a and s.
4
Let p(t) = 18*t**2 - 18*t + 70. Let u be p(4). What is the highest common factor of u and 52?
26
Let q = -1035 - -737. Let m = q - -423. Calculate the highest common divisor of m and 25.
25
Suppose 6*p - 2*p - 188 = -5*n, 0 = 5*p - 2*n - 202. Let f = 20 + 16. Let t be (f/42)/(2/14). What is the highest common factor of t and p?
6
Suppose 4*g - 12 = -4*w, 2*w + g = 2 + 3. Let j = -26 + 31. What is the highest common factor of j and w?
1
Suppose 0*u = -2*u - 4*o - 32, 5*u - 4*o = -122. Let s = u + 38. What is the greatest common divisor of s and 48?
16
Let j be (-15)/2*(-33)/(660/1216). Calculate the greatest common divisor of 57 and j.
57
Suppose -212 - 208 = -5*n. What is the highest common factor of n and 132?
12
Suppose -2*n - 63 = -w, -3*n = -2*w + 3*w - 68. What is the greatest common divisor of w and 39?
13
Suppose 10 = 5*a - 3*a. Suppose 3*u = a*s + 532, 2*s + 282 = 2*u - 78. Calculate the greatest common factor of 23 and u.
23
Suppose -2*b + 4 - 6 = 0. Let j be 6/(-8)*(-115 + b). Suppose -5*v + 93 = -197. What is the greatest common divisor of v and j?
29
Suppose -p = 2*p. Suppose p*h = h - 5. Suppose 4*j - 12 = -h*d, -4*j = -0*j + 4*d - 16. Calculate the greatest common divisor of j and 4.
4
Suppose 0 